{"id":22,"date":"2016-02-12T08:11:05","date_gmt":"2016-02-12T08:11:05","guid":{"rendered":"http:\/\/demos.famethemes.com\/onepress\/?page_id=22"},"modified":"2020-04-07T22:36:45","modified_gmt":"2020-04-07T22:36:45","slug":"vision","status":"publish","type":"page","link":"https:\/\/ciaros.com.ec\/index.php\/vision\/","title":{"rendered":"Visi\u00f3n"},"content":{"rendered":"<p><span style=\"font-size: 10.5pt; font-family: Tahoma, sans-serif; color: #808080;\">Ser una empresa conocida a nivel nacional a trav\u00e9s de sub agentes emprendedores que promuevan el bienestar de las familias y su patrimonio adem\u00e1s garantizar un servicio de excelencia aprovechando nuestra experiencia como asesores t\u00e9cnicos de seguros.<\/span><\/p>\n","protected":false},"excerpt":{"rendered":"<p>Nullam ut tempor eros. Donec faucibus, velit et imperdiet aliquam, lacus velit luctus urna, vitae porttitor orci libero id felis.<\/p>\n","protected":false},"author":2,"featured_media":1463,"parent":0,"menu_order":0,"comment_status":"closed","ping_status":"closed","template":"","meta":{"footnotes":""},"class_list":["post-22","page","type-page","status-publish","has-post-thumbnail","hentry"],"_links":{"self":[{"href":"https:\/\/ciaros.com.ec\/index.php\/wp-json\/wp\/v2\/pages\/22","targetHints":{"allow":["GET"]}}],"collection":[{"href":"https:\/\/ciaros.com.ec\/index.php\/wp-json\/wp\/v2\/pages"}],"about":[{"href":"https:\/\/ciaros.com.ec\/index.php\/wp-json\/wp\/v2\/types\/page"}],"author":[{"embeddable":true,"href":"https:\/\/ciaros.com.ec\/index.php\/wp-json\/wp\/v2\/users\/2"}],"replies":[{"embeddable":true,"href":"https:\/\/ciaros.com.ec\/index.php\/wp-json\/wp\/v2\/comments?post=22"}],"version-history":[{"count":3,"href":"https:\/\/ciaros.com.ec\/index.php\/wp-json\/wp\/v2\/pages\/22\/revisions"}],"predecessor-version":[{"id":1467,"href":"https:\/\/ciaros.com.ec\/index.php\/wp-json\/wp\/v2\/pages\/22\/revisions\/1467"}],"wp:featuredmedia":[{"embeddable":true,"href":"https:\/\/ciaros.com.ec\/index.php\/wp-json\/wp\/v2\/media\/1463"}],"wp:attachment":[{"href":"https:\/\/ciaros.com.ec\/index.php\/wp-json\/wp\/v2\/media?parent=22"}],"curies":[{"name":"wp","href":"https:\/\/api.w.org\/{rel}","templated":true}]}}